{"id":90,"date":"2016-06-20T14:39:43","date_gmt":"2016-06-20T12:39:43","guid":{"rendered":"http:\/\/edizionieva.com\/?page_id=90"},"modified":"2017-08-13T16:53:21","modified_gmt":"2017-08-13T14:53:21","slug":"collana-stella-verde","status":"publish","type":"page","link":"http:\/\/edizionieva.com\/?page_id=90","title":{"rendered":"Collana &#8220;Stella verde&#8221;"},"content":{"rendered":"<p style=\"text-align: center;\"><span class=\"sottotitolo myalign\">Testi a fronte<\/span><br \/>\n<span class=\"sottosottotitolo myalign\">diretta da Gerardo Vacana<\/span><\/p>\n<div class=\"myalign\"><img loading=\"lazy\" decoding=\"async\" class=\"size-full wp-image-17 imgborder\" src=\"http:\/\/edizionieva.com\/wp-content\/uploads\/2016\/06\/grajgokantas_small.gif\" width=\"113\" height=\"160\" \/>&nbsp;&nbsp;&nbsp;&nbsp;&nbsp;<img loading=\"lazy\" decoding=\"async\" class=\"size-full wp-image-17 imgborder\" src=\"http:\/\/edizionieva.com\/wp-content\/uploads\/2016\/06\/amatoacheronte_small.gif\" width=\"113\" height=\"160\" \/><\/div>\n<p>&nbsp;<\/p>\n<table class=\"collana\">\n<thead>\n<tr>\n<td class=\"titolo tdhead\">Autore<\/td>\n<td class=\"titolo tdhead\">Titolo<\/td>\n<td class=\"titolo tdhead\">Traduzione<\/td>\n<td class=\"titolo tdhead anno\">Pagine<\/td>\n<td class=\"titolo tdhead anno\">Anno<\/td>\n<td class=\"titolo tdhead prezzo\">Prezzo<\/td>\n<\/tr>\n<\/thead>\n<tbody>\n<tr>\n<td>Amerigo Iannacone<\/td>\n<td class=\"titolo\">Ruit hora<\/td>\n<td class=\"traduzione\">Traduzione francese di Paul Courget con testo italiano a fronte<\/td>\n<td class=\"pagine\"><\/td>\n<td class=\"anno\">1996<\/td>\n<td class=\"prezzo\">\u20ac 7,23<\/td>\n<\/tr>\n<tr>\n<td>Fran\u00e7ois Berger<\/td>\n<td class=\"titolo\">Il Prato - Le Pr\u00e9<\/td>\n<td class=\"traduzione\">Traduzione italiana di Gerardo Vacana con testo francese a fronte<\/td>\n<td class=\"pagine\"><\/td>\n<td class=\"anno\">1999<\/td>\n<td class=\"prezzo\">\u20ac 10,33<\/td>\n<\/tr>\n<tr>\n<td>Gerardo Vakano<\/td>\n<td class=\"titolo\">I rischi della traversata - La riskoj de la trairado<\/td>\n<td class=\"traduzione\">Traduzione esperanto di Amerigo Iannacone con testo italiano a fronte<\/td>\n<td class=\"pagine\"><\/td>\n<td class=\"anno\"><\/td>\n<td class=\"prezzo\">\u20ac 10,33<\/td>\n<\/tr>\n<tr>\n<td>Enzo Bonventre<\/td>\n<td class=\"titolo\">Okusiksak<\/td>\n<td class=\"traduzione\">Traduzione spagnola di Laura Grange con testo italiano a fronte<\/td>\n<td class=\"pagine\"><\/td>\n<td class=\"anno\"><\/td>\n<td class=\"prezzo\">\u20ac 9,30<\/td>\n<\/tr>\n<tr>\n<td>Giuseppe Napolitano<\/td>\n<td class=\"titolo\">Refren de aparente - Ritornello di apparenze<\/td>\n<td class=\"traduzione\">Traduzione rumena di Ana Covaciu con testo italiano a fronte<\/td>\n<td class=\"pagine\"><\/td>\n<td class=\"anno\"><\/td>\n<td class=\"prezzo\">\u20ac 8,26<\/td>\n<\/tr>\n<tr>\n<td>Lucia Barbagallo<\/td>\n<td class=\"titolo\">Grajgo kantas - Canta il grecale<\/td>\n<td class=\"traduzione\">Traduzione esperanto di Luigi Tadolini con testo italiano a fronte<\/td>\n<td class=\"pagine\"><\/td>\n<td class=\"anno\"><\/td>\n<td class=\"prezzo\">\u20ac 8,26<\/td>\n<\/tr>\n<tr>\n<td>Lucette Junod-Pellaton<\/td>\n<td class=\"titolo\">Aim\u00e9 jusque dans l\u2019Ach\u00e9ron - Amato fin nell'Acheronte<\/td>\n<td class=\"traduzione\">Traduzione italiana di Gerardo Vacana con testo francese a fronte<\/td>\n<td class=\"pagine\"><\/td>\n<td class=\"anno\">1999<\/td>\n<td class=\"prezzo\">\u20ac 8,26<\/td>\n<\/tr>\n<tr>\n<td>John Deane<\/td>\n<td class=\"titolo\">Our years vanish as a sigh - I nostri anni via in un sospiro<\/td>\n<td class=\"traduzione\">Traduzione italiana di Giuseppe Napolitano con testo inglese a fronte<\/td>\n<td class=\"pagine\"><\/td>\n<td class=\"anno\"><\/td>\n<td class=\"prezzo\">\u20ac 8,26<\/td>\n<\/tr>\n<tr>\n<td>Raymond Tschumi<\/td>\n<td class=\"titolo\">I sentieri della vertigine - Les sentiers du v\u00e9rtige<\/td>\n<td class=\"traduzione\">Traduzione italiana di Gerardo Vacana con testo francese a fronte<\/td>\n<td class=\"pagine\"><\/td>\n<td class=\"anno\">2000<\/td>\n<td class=\"prezzo\">\u20ac 10,33<\/td>\n<\/tr>\n<tr>\n<td>Amerigo Iannacone<\/td>\n<td class=\"titolo\">L'ombre du caroubier - L'ombra del carrubo<\/td>\n<td class=\"traduzione\">Traduzione francese di Paul Courget con testo italiano a fronte<\/td>\n<td class=\"pagine\"><\/td>\n<td class=\"anno\">2000<\/td>\n<td class=\"prezzo\">\u20ac 10,33<\/td>\n<\/tr>\n<tr>\n<td>Fr\u00e9d\u00e9ric Jacques Temple<\/td>\n<td class=\"titolo\">Po\u00e8mes de guerre - Poesie di guerra<\/td>\n<td class=\"traduzione\">Traduzione italiana di Gerardo Vacana con testo francese a fronte<\/td>\n<td class=\"pagine\"><\/td>\n<td class=\"anno\">2001<\/td>\n<td class=\"prezzo\">\u20ac 8,26<\/td>\n<\/tr>\n<tr>\n<td>Antonia Izzi Rufo<\/td>\n<td class=\"titolo\">I colori dell'anima - Les couleurs de l'\u00e2me<\/td>\n<td class=\"traduzione\">Traduzione francese di Paul Courget con testo italiano a fronte<\/td>\n<td class=\"pagine\"><\/td>\n<td class=\"anno\">2003<\/td>\n<td class=\"prezzo\">\u20ac 8,00<\/td>\n<\/tr>\n<tr>\n<td>Giuseppina Luongo Bartolini<\/td>\n<td class=\"titolo\">Circostanze - Circostances<\/td>\n<td class=\"traduzione\">Traduzione francese di Paul Courget con testo italiano a fronte<\/td>\n<td class=\"pagine\"><\/td>\n<td class=\"anno\">2003<\/td>\n<td class=\"prezzo\">\u20ac 9,00<\/td>\n<\/tr>\n<tr>\n<td>Antonia Izzi Rufo<\/td>\n<td class=\"titolo\">Omnia vincit amor - \u0397 \u03b1\u03b3\u03ac\u03c0\u03b7 \u03bd\u03af\u03ba\u03b1 \u03c0\u03ac\u03bd\u03c4\u03b1<\/td>\n<td class=\"traduzione\">Traduzione greca di Costas M. Stamatis con testo italiano a fronte<\/td>\n<td class=\"pagine\"><\/td>\n<td class=\"anno\">2003<\/td>\n<td class=\"prezzo\">\u20ac 8,00<\/td>\n<\/tr>\n<tr>\n<td>Julien Dunilac<\/td>\n<td class=\"titolo\">Mythologiques - Mitologiche<\/td>\n<td class=\"traduzione\">Traduzione italiana di Gerardo Vacana con testo francese a fronte<\/td>\n<td class=\"pagine\"><\/td>\n<td class=\"anno\">2003<\/td>\n<td class=\"prezzo\">\u20ac 12,00<\/td>\n<\/tr>\n<tr>\n<td>Edith Sommer<\/td>\n<td class=\"titolo\">Das Meer - Il mare<\/td>\n<td class=\"traduzione\">Traduzione italiana di Renato Vecellio con testo in tedesco a fronte<\/td>\n<td class=\"pagine\"><\/td>\n<td class=\"anno\">2004<\/td>\n<td class=\"prezzo\">\u20ac 10,00<\/td>\n<\/tr>\n<tr>\n<td>Jordi Valls<\/td>\n<td class=\"titolo\"><a href=\"\/?p=1120\">Mal - Male<\/a><\/td>\n<td class=\"traduzione\">Traduzione dal catalano di Carlos Vitale e Amerigo Iannacone<\/td>\n<td class=\"pagine\">144<\/td>\n<td class=\"anno\">2005<\/td>\n<td class=\"prezzo\">\u20ac 12,00<\/td>\n<\/tr>\n<tr>\n<td>Antonia Izzi Rufo<\/td>\n<td class=\"titolo\">Donna - Gynaica<\/td>\n<td class=\"traduzione\">Traduzione greca di Costas M. Stamatis con testo italiano a fronte, pp.56<\/td>\n<td class=\"pagine\"><\/td>\n<td class=\"anno\">2006<\/td>\n<td class=\"prezzo\">\u20ac 8,00<\/td>\n<\/tr>\n<tr>\n<td>Amerigo Iannacone<\/td>\n<td class=\"titolo\">L\u2019ombra del carrubo - La sombra del algarrobo<\/td>\n<td class=\"traduzione\">Traduzione spagnola di Carlos Vitale, con testo italiano a fronte<\/td>\n<td class=\"pagine\"><\/td>\n<td class=\"anno\">2009<\/td>\n<td class=\"prezzo\">\u20ac 10,00<\/td>\n<\/tr>\n<tr>\n<td>Jacques Meylan<\/td>\n<td class=\"titolo\">En un livre de pierre et de lumi\u00e8re - In un libro di pietra e di luce<\/td>\n<td class=\"traduzione\">Traduzione italiana di Gerardo Vacana con testo francese a fronte<\/td>\n<td class=\"pagine\"><\/td>\n<td class=\"anno\">2009<\/td>\n<td class=\"prezzo\">\u20ac 10,00<\/td>\n<\/tr>\n<tr>\n<td>Baldur Ragnarsson<\/td>\n<td class=\"titolo\">La amo kaj l'amebo - L\u2019amore e l'ameba<\/td>\n<td class=\"traduzione\">Traduzione italiana di Nicolino Rossi, con testo esperanto a fronte<\/td>\n<td class=\"pagine\"><\/td>\n<td class=\"anno\">2011<\/td>\n<td class=\"prezzo\">\u20ac 12,00<\/td>\n<\/tr>\n<tr>\n<td>Libero Delibero<\/td>\n<td class=\"titolo\">Ascolta la Ciociaria - A\u016dskultu \u0108o\u0109arujon<\/td>\n<td class=\"traduzione\">Traduzione esperanto di Amerigo Iannacone, con testo italiano a fronte<\/td>\n<td class=\"pagine\"><\/td>\n<td class=\"anno\">2011<\/td>\n<td class=\"prezzo\"><\/td>\n<\/tr>\n<tr>\n<td>Karmino Branka\u0109o<\/td>\n<td class=\"titolo\">Simplegadi o la notte - Simplegadoj a\u016d la nokto<\/td>\n<td class=\"traduzione\">Traduzione esperanto di Amerigo Iannacone, con testo italiano a fronte<\/td>\n<td class=\"pagine\"><\/td>\n<td class=\"anno\">2011<\/td>\n<td class=\"prezzo\">\u20ac 10,00<\/td>\n<\/tr>\n<tr>\n<td>Gustavo Vega Mansilla<\/td>\n<td class=\"titolo\"><a href=\"\/?p=772\">Pintar la luz - Dipingere la luce<\/a><\/td>\n<td class=\"traduzione\">Traduzione italiana di Giuseppe Napolitano, con testo spagnolo a fronte<\/td>\n<td class=\"pagine\">120<\/td>\n<td class=\"anno\">2012<\/td>\n<td class=\"prezzo\">\u20ac 10,00<\/td>\n<\/tr>\n<tr>\n<td>Carlos Vitale<\/td>\n<td class=\"titolo\"><a href=\"\/?p=1131\">Fuera de casa - Fuori di casa<\/a><\/td>\n<td class=\"traduzione\">Traduzione italiana di Maddalena Vacana, con testo spagnolo a fronte<\/td>\n<td class=\"pagine\">96<\/td>\n<td class=\"anno\">2012<\/td>\n<td class=\"prezzo\">\u20ac 8,00<\/td>\n<\/tr>\n<tr>\n<td>Alberto Hern\u00e1ndez<\/td>\n<td class=\"titolo\"><a href=\"\/?p=1136\">Stravaganza<\/a><\/td>\n<td class=\"traduzione\">Traduzione italiana di Teresa Albasini Legaz, con testo spagnolo a fronte<\/td>\n<td class=\"pagine\">120<\/td>\n<td class=\"anno\">2012<\/td>\n<td class=\"prezzo\">\u20ac 12,00<\/td>\n<\/tr>\n<tr>\n<td>Athanase Vantchev de Thracy<\/td>\n<td class=\"titolo\">Divine dignit\u00e9 du verbe - Divina dignit\u00e0 della parola<\/td>\n<td class=\"traduzione\">Traduzione di Giuseppe Napolitano<\/td>\n<td class=\"pagine\">120<\/td>\n<td class=\"anno\">2014<\/td>\n<td class=\"prezzo\">\u20ac 12,00<\/td>\n<\/tr>\n<tr>\n<td>Athanase Vantchev de Thracy<\/td>\n<td class=\"titolo\"><a href=\"\/?p=1144\">Divine dignit\u00e9 du verbe - Dia digno de la vorto<\/a><\/td>\n<td class=\"traduzione\">Esperanta traduko de Amerigo Janakono, kun franca teksto vidalvide<\/td>\n<td class=\"pagine\">96<\/td>\n<td class=\"anno\">2014<\/td>\n<td class=\"prezzo\">\u20ac 12,00<\/td>\n<\/tr>\n<tr>\n<td>Rodolfo del Hoyo<\/td>\n<td class=\"titolo\"><a href=\"\/?p=1155\">El caminant a la deriva - Il viandante alla deriva<\/a><\/td>\n<td class=\"traduzione\">Traduzione dal catalano di Carlos Vitale e Amerigo Iannacone<\/td>\n<td class=\"pagine\">128<\/td>\n<td class=\"anno\">2014<\/td>\n<td class=\"prezzo\">\u20ac 12,00<\/td>\n<\/tr>\n<tr>\n<td>Gerardo Vacana<\/td>\n<td class=\"titolo\"><a href=\"\/?p=1081\">Le cicale che adoro<\/a><\/td>\n<td class=\"traduzione\">a cura di Maria Ohannesian e Carlos Vitale<\/td>\n<td class=\"pagine\">40<\/td>\n<td class=\"anno\">2016<\/td>\n<td class=\"prezzo\">\u20ac 8,00<\/td>\n<\/tr>\n<tr>\n<td>Gustavo Vega Mansilla<\/td>\n<td class=\"titolo\"><a href=\"\/?p=1342\">Pentri la lumon - Pintar la luz<\/a><\/td>\n<td class=\"traduzione\">Traduzione esperanto di Amerigo Iannacone, con testo spagnolo a fronte<\/td>\n<td class=\"pagine\">168<\/td>\n<td class=\"anno\">2016<\/td>\n<td class=\"prezzo\">\u20ac 16,00<\/td>\n<\/tr>\n<tr>\n<td>Gerardo Vacana<\/td>\n<td class=\"titolo\"><a href=\"\/?p=1035\">Il verbo infedele - El verbo infiel<\/a><\/td>\n<td class=\"traduzione\">Traduzione italiana di Carlos Vitale, con testo spagnolo a fronte<\/td>\n<td class=\"pagine\">176<\/td>\n<td class=\"anno\">2017<\/td>\n<td class=\"prezzo\">\u20ac 16,00<\/td>\n<\/tr>\n<\/tbody>\n<\/table>\n","protected":false},"excerpt":{"rendered":"<p>Testi a fronte diretta da Gerardo Vacana &nbsp;&nbsp;&nbsp;&nbsp;&nbsp; &nbsp; Autore Titolo Traduzione Pagine Anno Prezzo Amerigo Iannacone Ruit hora Traduzione francese di Paul Courget con testo italiano a fronte 1996 \u20ac 7,23 Fran\u00e7ois Berger Il Prato - Le Pr\u00e9 Traduzione italiana di Gerardo Vacana con testo francese a fronte 1999 \u20ac 10,33 Gerardo Vakano I <a href=\"http:\/\/edizionieva.com\/?page_id=90\" class=\"more-link\">...continua a leggere<span class=\"screen-reader-text\"> \"Collana &#8220;Stella verde&#8221;\"<\/span><\/a><\/p>\n","protected":false},"author":1,"featured_media":0,"parent":0,"menu_order":0,"comment_status":"closed","ping_status":"closed","template":"","meta":{"footnotes":""},"class_list":["post-90","page","type-page","status-publish","h-entry","hentry","h-as-page"],"_links":{"self":[{"href":"http:\/\/edizionieva.com\/index.php?rest_route=\/wp\/v2\/pages\/90"}],"collection":[{"href":"http:\/\/edizionieva.com\/index.php?rest_route=\/wp\/v2\/pages"}],"about":[{"href":"http:\/\/edizionieva.com\/index.php?rest_route=\/wp\/v2\/types\/page"}],"author":[{"embeddable":true,"href":"http:\/\/edizionieva.com\/index.php?rest_route=\/wp\/v2\/users\/1"}],"replies":[{"embeddable":true,"href":"http:\/\/edizionieva.com\/index.php?rest_route=%2Fwp%2Fv2%2Fcomments&post=90"}],"version-history":[{"count":35,"href":"http:\/\/edizionieva.com\/index.php?rest_route=\/wp\/v2\/pages\/90\/revisions"}],"predecessor-version":[{"id":1432,"href":"http:\/\/edizionieva.com\/index.php?rest_route=\/wp\/v2\/pages\/90\/revisions\/1432"}],"wp:attachment":[{"href":"http:\/\/edizionieva.com\/index.php?rest_route=%2Fwp%2Fv2%2Fmedia&parent=90"}],"curies":[{"name":"wp","href":"https:\/\/api.w.org\/{rel}","templated":true}]}}